1824 and 24?
8
Calculate the highest common divisor of 46 and 2928314.
46
Calculate the highest common factor of 246 and 22220032.
82
Calculate the highest common factor of 35710943 and 2847.
73
Calculate the greatest common factor of 74899496 and 238.
14
What is the greatest common factor of 25 and 108037?
1
Calculate the greatest common factor of 536 and 7918998.
134
Calculate the greatest common divisor of 209 and 1080627603.
209
Calculate the greatest common factor of 229128676 and 532.
532
Calculate the highest common factor of 835 and 1894281.
167
Calculate the greatest common divisor of 95 and 51542915.
95
What is the greatest common factor of 402210 and 40?
10
What is the highest common divisor of 3186 and 4127238?
18
Calculate the greatest common factor of 204726 and 134994.
894
What is the highest common divisor of 12050950 and 1160?
290
Calculate the highest common divisor of 2928970 and 3190.
110
What is the highest common factor of 6375083 and 1705?
11
What is the greatest common factor of 44556152 and 184?
184
What is the greatest common factor of 20797189 and 49?
7
What is the greatest common factor of 1182390 and 35310?
330
What is the greatest common divisor of 956 and 60748?
4
What is the highest common factor of 37428800 and 640?
320
Calculate the greatest common divisor of 1476 and 32222187.
369
What is the greatest common factor of 12771284 and 57428?
1172
What is the greatest common divisor of 112 and 1714328?
56
Calculate the highest common factor of 26517852 and 90.
18
What is the greatest common factor of 43465152 and 960?
192
What is the greatest common factor of 151888871 and 31?
31
Calculate the highest common divisor of 23 and 152853699.
23
Calculate the highest common divisor of 2762152 and 15160.
3032
What is the greatest common divisor of 110452 and 1590?
106
What is the greatest common factor of 37184 and 259392?
448
Calculate the highest common factor of 5 and 19289290.
5
What is the highest common divisor of 1660975 and 290?
145
Calculate the greatest common divisor of 115077 and 1727401.
89
What is the highest common divisor of 872245 and 1485?
55
What is the highest common factor of 448 and 194384?
16
Calculate the highest common factor of 77901602 and 6482.
926
What is the greatest common divisor of 6 and 1197096?
6
What is the greatest common divisor of 53 and 133765481?
53
What is the highest common factor of 4506012 and 79380?
252
Calculate the greatest common factor of 37216 and 206496.
32
What is the greatest common factor of 3365880 and 3405?
15
What is the greatest common divisor of 2194863166 and 646?
646
Calculate the greatest common divisor of 20 and 268158108.
4
Calculate the highest common factor of 2177613 and 67203.
1179
Calculate the greatest common divisor of 144 and 1497488.
16
Calculate the highest common factor of 77 and 296131.
11
Calculate the greatest common factor of 1 and 860767.
1
What is the greatest common factor of 19076 and 44384?
76
What is the highest common divisor of 1250 and 7450600?
50
Calculate the highest common factor of 65 and 6529718.
13
Calculate the highest common divisor of 11060969 and 137.
137
What is the greatest common divisor of 5185 and 7327015?
305
What is the highest common divisor of 212305 and 10170?
5
Calculate the greatest common factor of 264008 and 127612.
244
What is the highest common factor of 277587 and 4827153?
447
What is the highest common divisor of 2873025 and 2400?
75
Calculate the highest common divisor of 7071 and 37761497.
2357
Calculate the greatest common factor of 1836 and 1472916924.
612
What is the highest common divisor of 53856 and 157144?
8
What is the highest common divisor of 112360269 and 141456?
8841
Calculate the highest common divisor of 11618443 and 2071.
19
What is the highest common divisor of 95875 and 4745?
65
Calculate the highest common divisor of 191 and 1382492762.
191
What is the greatest common divisor of 2205420 and 4445728?
2492
What is the greatest common factor of 7350 and 4488000?
150
Calculate the greatest common factor of 1195 and 9710.
5
What is the greatest common factor of 8739861 and 195?
39
Calculate the greatest common factor of 22472 and 113897.
53
Calculate the greatest common divisor of 350 and 2374610.
70
Calculate the greatest common divisor of 225185689 and 17.
17
Calculate the highest common factor of 731680 and 810.
10
What is the greatest common factor of 405559 and 550781?
1771
What is the highest common factor of 2092207 and 51?
17
Calculate the highest common divisor of 4173378 and 35002.
814
What is the highest common divisor of 169 and 9540050?
169
Calculate the highest common divisor of 13568 and 670976.
256
Calculate the greatest common factor of 261 and 1964691855.
261
What is the greatest common divisor of 1687242971 and 1213?
1213
Calculate the greatest common factor of 9720643 and 3231.
359
Calculate the highest common divisor of 53132 and 3139814.
718
What is the highest common factor of 40833456 and 816?
816
What is the greatest common factor of 770006654 and 76?
38
Calculate the greatest common divisor of 2993 and 7490019.
73
What is the greatest common factor of 1821810 and 1230?
30
Calculate the highest common divisor of 32960113 and 188.
47
Calculate the highest common factor of 1244 and 128545630.
622
Calculate the greatest common factor of 6000 and 47456160.
240
Calculate the highest common divisor of 23783 and 179129.
17
What is the highest common divisor of 8717922 and 285?
57
What is the greatest common factor of 11569 and 23989?
23
What is the highest common divisor of 695629 and 12826?
121
Calculate the greatest common divisor of 186671575 and 6233.
271
What is the highest common factor of 129801960 and 1116?
1116
Calculate the highest common factor of 6498 and 65154.
6
Calculate the highest common factor of 261 and 1285781526.
261
Calculate the greatest common factor of 561900 and 2325.
75
What is the greatest common divisor of 12418072 and 2512?
1256
Calculate the greatest common divisor of 122427 and 6120.
9
Calculate the highest common factor of 14195250 and 9.
9
Calculate the highest common factor of 429841004 and 1636.
1636
Calculate the highest common divisor of 34828258 and 2.
2
Calculate the greatest common factor of 42 and 631694.
14
Calculate the highest common divisor of 1728 and 13124736.
576
What is the highest common divisor of 5500 and 6590?
10
Calculate the greatest common divisor of 1290 and 297415434.
258
What is the greatest common divisor of 59200 and 490768?
592
Calculate the greatest common factor of 11136 and 16525128.
696
What is the greatest common divisor of 564841676 and 2632?
1316
What is the highest common factor of 1111 and 231406857?
1111
Calculate the highest common factor of 144502352 and 4076.
4076
Calculate the greatest common divisor of 24075 and 28355.
535
What is the highest common factor of 3780 and 66204?
108
Calculate the highest common divisor of 3595915019 and 101.
101
What is the greatest common factor of 36214 and 13828030?
1906
What is the highest common divisor of 78773 and 4810?
37
What is the highest common divisor of 15663 and 903233?
5221
What is the highest common factor of 3856 and 421330660?
964
Calculate the greatest common divisor of 6356 and 32147059.
1589
What is the greatest common divisor of 361087 and 18163?
41
What is the greatest common divisor of 10472 and 368254?
34
Calculate the highest common factor of 30900064 and 52.
52
Calculate the highest common factor of 26301 and 2916223.
797
What is the greatest common divisor of 1383793 and 19401?
29
Calculate the greatest common factor of 14358734 and 78.
26
Calculate the greatest common divisor of 312393 and 182487.
3093
What is the greatest common factor of 61 and 116114?
1
Calculate the highest common divisor of 1059 and 7198729.
353
Calculate the greatest common factor of 474836 and 20.
4
Calculate the highest common factor of 77 and 5851736.
11
What is the greatest common factor of 185630 and 684?
38
What is the greatest common factor of 18721008 and 2320?
464
Calculate the greatest common divisor of 3182984 and 9944.
904
What is the highest common divisor of 35171240 and 20?
20
What is the highest common factor of 434 and 16384886?
14
What is the 